n) = -2*n - 1. Let v(m) = 4*t(m) + 4*z(m). Let s be 5*1/(-1)*-1. Suppose 3*a + 3*l = -6, -a - s = 3*a + 3*l. Give v(a).
-4
Let v(h) be the second derivative of 2/3*h**3 - 1/2*h**4 + 5/2*h**2 + 1/20*h**5 + 0 + 7*h. Determine v(5).
0
Let q be (-46)/(-14) - 2/7. Suppose 0 = 3*v + 5 - 11. Let m(w) = w**q - 5*w**2 + 2*w**2 - w + 6 + v*w**2. What is m(0)?
6
Let k be -7 - 1*6/(-2). Let g(n) = n - 4. What is g(k)?
-8
Let y be ((-1)/(-3))/(3/27). Let a be 8/(-6)*y/(-2). Let r(d) = d**2 - 2*d**2 - 4*d - a*d. Give r(-3).
9
Let y(o) = o - 1. Let r be 36/21 - 2/(-7). Suppose -3*m - 13 = -2*n + 3*n, 8 = -r*m - n. What is y(m)?
-6
Let z(r) = -r. Let x be z(0). Suppose x = -3*t + 12, b + 2*b + 14 = 2*t. Let o(d) = 3*d + 0*d**2 - 2*d**2 - d**3 - 3 - 5*d. Give o(b).
1
Let l(u) = -7*u**2 - 3*u - 5. Let d(p) = 3*p**2 + 2*p + 2. Let g(t) = 9*d(t) + 4*l(t). What is g(4)?
6
Let x(w) = -11*w - 9. Let f(c) = -5*c - 4. Let k(p) = -9*f(p) + 4*x(p). Let v(j) = j**2 + 5*j + 5. Let m be v(-4). Let r = m + 2. Calculate k(r).
3
Suppose 3*l - 3*h - 18 = h, 3*l + 5*h = -9. Let g(i) = -2*i**2 + i**2 + 2*i + l*i. Calculate g(5).
-5
Suppose 4*n + 2*p = 6, 8*p = -3*n + 3*p + 15. Let c be n/(-2)*(-4)/(-12). Let i(d) = d**2 + 7. What is i(c)?
7
Suppose 12 = h - 5*h. Let u(x) be the first derivative of 9*x**2/2 + 8*x + 1. Let s(z) = -10*z - 9. Let f(r) = 6*s(r) + 7*u(r). Give f(h).
-7
Let a(q) = q**2 - 3*q + 3. Let c be a(3). Suppose -15 = 8*d - c*d. Let m(g) = g - 2. Let j(u) = 2*u - 5. Let f(v) = 4*j(v) - 10*m(v). Calculate f(d).
6
Let f(d) be the third derivative of d**5/60 + d**4/8 - 7*d**3/6 + 26*d**2. What is f(-5)?
3
Suppose 0*x = -x + 10. Let z(l) = 0 + x*l**2 + 0*l + l + 1 + 0. Let k = -3 + 2. Give z(k).
10
Let q be (-3)/(0 - -1 - 0). Let u(s) = s**2 + 3*s + 1. Let r(x) = -5*x**2 - 16*x - 6. Let f = 6 - 8. Let h(o) = f*r(o) - 11*u(o). Give h(q).
-5
Let z(t) be the first derivative of t**3/3 - 3*t**2 - 4*t + 4. Calculate z(6).
-4
Let s(l) = 2*l. Let w be (-6)/4*(3 - 5). Suppose -5*n = -2*z + 16, 0 = w*n - 5*z + 2. What is s(n)?
-8
Let m = 0 + 0. Suppose m = -f - 3*f - 12. Let t(i) = -i**3 - 3*i**2 + 1 + 2 + 0 - i. Calculate t(f).
6
Let q(c) = -c**2 - 3*c - 3. Let y = 7 - 5. Suppose -w - y = 1. Give q(w).
-3
Let o(l) be the second derivative of -1/6*l**3 + l**2 + 0 + 6*l. Calculate o(0).
2
Suppose 9 - 15 = -2*p. Let a(h) = 5*h. Give a(p).
15
Let p(r) be the first derivative of r**3 - r**2/2 - 1. Let x be (3 + (-7)/2)*-2. Let q be ((-2 - 0) + x)/1. Determine p(q).
4
Let s(i) = -i**3 - i - 2. Let v be s(-2). Let q = -7 + v. Let k(a) = -2*a**3 - a**2 - a + 1. Determine k(q).
-3
Let g = -1 - -2. Let p be 38/4 + 9/18. Let s(m) = 0*m - 11 - 9*m**3 - m**2 + 2*m + p. What is s(g)?
-9
Let z(c) = c**2 + 3*c + 1. Let v be (-4 + 2)/(-2) - -2. Let p = 17 - 21. Let f be (2 - v)/(p/(-12)). Give z(f).
1
Let u(m) = -m**2 + m. Let v = -3 - -5. Suppose 0 = v*d - 2*j + 6, -3*j + 3 = -3*d - 6*j. Let l be (-3)/2 - 1/d. What is u(l)?
-2
Let j(i) = i**3 + 0 + 5*i**2 + 5*i - 3 + 7. Suppose 2*b = b - 13. Let l = b - -9. Calculate j(l).
0
Let f(u) = -22 + 8*u + 16 + 2*u**2 - 3*u**2. What is f(6)?
6
Suppose -5*v - 11 = -31. Suppose -v*s = -5*s + 1. Let i(c) be the second derivative of -2*c**3/3 - c**2/2 - 2*c. Calculate i(s).
-5
Let f(a) be the second derivative of -a**5/20 + a**4/4 + a**3/3 + 2*a**2 - 5*a. Calculate f(4).
-4
Let q(s) = -17*s + 18*s - 6 + 15. Suppose 0 = -i - 5*p + 1, p + 0*p + 7 = -2*i. What is q(i)?
5
Let t(w) be the third derivative of w**6/180 + w**4/12 - 2*w**2. Let u(k) be the second derivative of t(k). What is u(1)?
4
Let z(s) = -7*s - 6 - 6 + 6 + 6*s. Give z(-7).
1
Let k be (-2)/(-9) - 12/54. Suppose z + 5*y = 16, k = 4*z - y - 4 + 3. Let f(o) = -3*o**3 + o**2 - o + 1. Give f(z).
-2
Suppose 2*p - 2*c = 0, p - 20 = -c - 3*c. Suppose 4*q - l + p = -16, 4*l = 2*q + 10. Let b(f) = -f. Determine b(q).
5
Let i(v) = -v**2 + 6*v - 1. Suppose 3*a - 18 - 8 = -5*s, -5*s = -5. Give i(a).
-8
Let n(d) be the third derivative of -d**5/60 - d**4/8 - d**3/2 + 4*d**2 + 4*d. Let j be 42/(-2)*2/(-3). Suppose -2 + 0 = 3*m + 5*v, -v = -3*m - j. What is n(m)?
-7
Let l(p) be the third derivative of p**4/24 + 2*p**3/3 - p**2. Let i be l(-9). Let c(j) = -1. Let d(h) = h + 12. Let g(w) = 6*c(w) + d(w). What is g(i)?
1
Let k(g) = g**2 - g + 2. Suppose 2*j + 8 = s, j + 17 = -4*j + s. Let w(h) = 0*h**3 - 2 + 2*h**2 + h**3 - 3*h + 0*h**3. Let x be w(j). What is k(x)?
8
Let j(t) = 2*t + 3. Let r(g) = g**2 - g + 9. Let x be r(0). Suppose 4*a = a - 5*z + x, 0 = 3*a + 4*z - 9. What is j(a)?
9
Let b(w) = -8 + 3*w - 4*w**2 + 0*w**3 - w**3 + 2. Let m be b(-5). Let p(f) = f**3 - 5*f**2 + 2*f + 1. Give p(m).
-7
Let i(m) = m**2 + 5*m + 6. Let n be i(-5). Let d(r) = -n - 2*r + 3*r - 2. Determine d(6).
-2
Let y = -408 + 411. Let q(v) be the second derivative of -v**5/20 + v**4/6 - v**3/3 - v. Give q(y).
-15
Let h(f) = -2*f + 1. Let l(k) = -2*k. Let i(j) = -3*h(j) + 2*l(j). Calculate i(-3).
-9
Let g = -6 + -1. Let m(s) = -s - 10. Calculate m(g).
-3
Let i(n) be the third derivative of 5*n**2 + 0*n - 1/24*n**4 + 1/12*n**5 + 0 + 0*n**3. Give i(1).
4
Suppose -39 + 23 = 4*l. Let z(k) = -1. Let r(x) = -2*x - 5. Suppose 5*i + 18 + 2 = 0. Let y(m) = i*z(m) + r(m). Determine y(l).
7
Let k(p) = 4*p**2 - 8*p. Let z(h) = 9*h**2 - 18*h - 1. Let j(c) = 5*k(c) - 2*z(c). Calculate j(3).
8
Let t(l) = 36*l - 33 - 37*l + 32. Suppose -15 = 5*a + 5*d, -a + 4*d = d + 3. Determine t(a).
2
Let z be 46/10 - (-2)/5. Let i(f) = 3*f - 1 + 4*f**3 + f - 6*f**2 - 3*f**3 - 3. Determine i(z).
-9
Let t(c) = c**3 - 8*c**2 + 7*c - 1. Suppose -5*d + 40 = 5. What is t(d)?
-1
Let f(y) = -2*y + 6. Let x(u) = u - 7. Let q(k) = -4*f(k) - 3*x(k). Suppose -4*p + 10 = p. Calculate q(p).
7
Let p(j) = j**2 + 2*j + 1. Let y be p(-1). Let n(s) = s**3 + s**2 - s + 3. What is n(y)?
3
Let j(z) = z - 4. Suppose 0 = 5*v + 20, -o = -0*v - 2*v - 5. Calculate j(o).
-7
Suppose -4*r - 6 = 2. Let f(w) be the second derivative of -1/2*w**2 + 1/6*w**3 + 0 + 3*w. Give f(r).
-3
Let s(j) be the first derivative of 1/2*j**2 + 2/3*j**3 + 4*j - 1/4*j**4 - 2. Determine s(3).
-2
Let t(f) be the second derivative of -3*f**5/10 + f**4/12 - f. Calculate t(1).
-5
Let s(v) be the second derivative of 3/2*v**2 - 2*v + 0 + 1/6*v**3. What is s(0)?
3
Let m(f) be the second derivative of f**7/840 + f**6/60 + f**5/40 - 7*f**4/24 - f**3/3 - f. Let d(l) be the second derivative of m(l). Determine d(-5).
3
Let d(k) = 3*k**2 + 6*k + 6. Let m(p) = -p**2 - p - 1. Let w(h) = d(h) + 4*m(h). Determine w(5).
-13
Let y(p) = -p**3 + p**2 + 1. Let o(d) = d**3 - 10*d**2 - 10*d - 6. Let a(b) = o(b) + 2*y(b). Determine a(-7).
17
Let v(u) = u**3 + 2*u**2 + u - 2. Suppose 5*y = 4*x - 18, -4*y - 4 = y + 3*x. Let a be v(y). Let z(i) = -i**3 - 5*i**2 - 2*i + 1. What is z(a)?
-7
Suppose -2*o + 1 = -7. Let c(b) = -b + 0*b - 5 + b**3 + 0*b + 2*b - 4*b**2. What is c(o)?
-1
Let w(d) = 4*d + 11. Let a(t) = 7*t + 21. Let s(h) = 3*a(h) - 5*w(h). Let i be -3 - (-9)/6*-2. Calculate s(i).
2
Let p = 30 + -14. Suppose -5*t - 30 = -3*q, -q = q - 2*t - p. Let r(c) = 1 - q*c - 4*c + 5*c. Give r(1).
-3
Let t be 6 + 6/9*-3. Let m = t + -4. Let z(o) = o**3 + o**2 + o - 12. What is z(m)?
-12
Let m(a) = -a**3 + 9*a**2 - 10*a + 11. Let g be m(8). Let r(j) be the second derivative of -7*j - 2*j**2 - 1/20*j**5 + 0 - 1/3*j**4 + 1/2*j**3. Calculate r(g).
6
Let d(z) = z - 1. Let g(w) = -3*w + 9. Let h(y) = y**2 - 19*y + 23. Let f be h(18). Let u(q) = f*d(q) + g(q). Give u(3).
10
Suppose 0 = -3*b - 3*g - 0*g - 15, 19 = -3*b - 5*g. Let w(x) = -x**3 - 5*x**2 - 2*x + 1. Give w(b).
-11
Suppose -3*z + 4*y + 8 = -2*z, 5*z + 3*y = 17. Let g(r) = 4*r + r**2 - 3*r**2 - 6 + r**2. Give g(z).
-6
Let f(j) = 0*j**3 + j + 2*j**2 + 0*j**2 - 7*j**3 + 13*j**3. Give f(-1).
-5
Let d(x) be the third derivative of 0*x + 1/60*x**5 + 0 - 1/6*x**4 - x**2 + 1/6*x**3. Give d(3).
-2
Let b(z) = z**3 + 7*z**2 + 7*z + 14. Let u be b(-6). Let w(m) = m**2 - 7*m - 9. Calculate w(u).
-1
Suppose -10 = -2*s + 2*r, -s - 11 = 4*s + 4*r. Let j(q) = 2*q - 1. Calculate j(s).
1
Let o(y) = -y - 1. Let v(x) = -x**2 + 7*x - 3. Let s be v(7). Give o(s).
2
Suppose 5*x - 27 = -p, 0 = -3*p + 4*x + x - 19. Let w(k) = -3*k - 36. Let q be w(-13). Suppose h + p = q*h. Let b(n) = -n. Give b(h).
-1
S